3
Suppose -188 = 4*l - 5*l. List the prime factors of l.
2, 47
Suppose -5*g - 9 = 2*t - 359, 4*t - 672 = 4*g. What are the prime factors of t?
2, 5, 17
Let p be (-3)/(-6)*-2*-13. Let h = 1 + p. List the prime factors of h.
2, 7
Let r be (51/(-9))/(3/(-9)). Let z = r - 3. List the prime factors of z.
2, 7
Suppose 5*n = 3*n + 8. Suppose 3*z - 108 = 3*o, n*z + 0*o + 3*o = 123. List the prime factors of z.
3, 11
Let x(p) = -p**3 + 4*p**2 + 2. Let o be x(3). Let h = 20 - o. What are the prime factors of 6/h + 50/6?
3
Let r(w) = 70*w**2 + w + 2. List the prime factors of r(-1).
71
Suppose -2*c = 3*l - 7, -2*c + 3*c = -5*l + 21. Suppose 3*a - 2*a - l = 0, -v = -2*a - 9. List the prime factors of v.
19
Let d(s) = -s**3 - 5*s**2 - 3*s + 1. Let w be d(-4). Let z = 8 + w. What are the prime factors of z?
5
Let m be -1*2/6*-12. List the prime factors of ((-12)/8*m)/(-1).
2, 3
Suppose 0*t - 93 = -t. List the prime factors of t.
3, 31
Suppose -2*k = -5 - 7. Let j be 4/k - 20/3. Let m = -4 - j. What are the prime factors of m?
2
Suppose 5*h - 32 = 3*h. List the prime factors of h.
2
Let u(r) = r**2 + 6*r + 3. Let y be u(-6). Suppose -3*d = 2*a - 6 + 71, -y*d - 77 = 5*a. Let z = -11 - d. What are the prime factors of z?
2
Let p(x) = 5*x + 14. Let d(a) = 14*a + 42. Let l(s) = 4*d(s) - 11*p(s). List the prime factors of l(8).
2, 11
Let h(b) = -b - 11. Let s be h(-6). Let t = -8 + 6. Let n = t - s. List the prime factors of n.
3
Suppose -2*b = 5*f + 15, 2*b - 5*b - 75 = -3*f. Let y = 34 + b. What are the prime factors of y?
2, 7
Suppose -q = 4*i - 174, 0 = i - 6*q + 2*q - 52. Suppose -2*c = -6 - i. List the prime factors of c.
5
Let m(g) = g - 3. List the prime factors of m(5).
2
Let b be (0 + 0 + 4)/1. Suppose 41 - 5 = b*h. List the prime factors of h.
3
Suppose 6*w - 48 = 2*w. Suppose 0 = -j + 2*g + 14, -6*g + 2*g + w = 3*j. Let o = j + -6. List the prime factors of o.
2
Let b = 0 + 5. Let q(d) = -d**3 + 5*d**2 + 3*d - 2. What are the prime factors of q(b)?
13
Let q(b) = -43*b + 3. Let n be q(-4). Suppose -p + 6*p - n = 3*a, 4*p - 2*a - 142 = 0. Suppose p = 4*f - 26. What are the prime factors of f?
2
Suppose 3*a = a + 12. Suppose a*x + d = 2*x + 68, d = 3*x - 51. What are the prime factors of x?
17
Let m(p) = 4*p**2 - 17*p - 58. What are the prime factors of m(-8)?
2, 167
Suppose 2*l = -4*y - 26, 0*l - 4*y - 14 = -2*l. Let m = -18 - l. Let h = m + 34. List the prime factors of h.
19
Let f(p) be the third derivative of p**6/240 - p**5/40 + p**4/8 - p**2. Let z(h) be the second derivative of f(h). What are the prime factors of z(3)?
2, 3
Suppose 2*g = -3*g + 30. What are the prime factors of g?
2, 3
Let v be (-1)/2*52/1. Let o = -13 - v. List the prime factors of o.
13
Suppose 1344 = 3*f + 5*f. List the prime factors of f.
2, 3, 7
List the prime factors of -4 + 2 - 164/(-2).
2, 5
Let s = 5 - 2. Suppose 5*n = -3*d + d + 62, 5*n - s*d - 57 = 0. List the prime factors of n.
2, 3
What are the prime factors of 28/(-21)*(2 - 20)?
2, 3
Let b = -219 - -362. What are the prime factors of b?
11, 13
Let z be ((-279)/18)/((-2)/(-24)). What are the prime factors of ((-5)/10)/(3/z)?
31
Let d = -3 - -5. Suppose 12 = -d*m + 6*m. List the prime factors of m.
3
Let w(g) = 13*g + 9. What are the prime factors of w(9)?
2, 3, 7
Let f = -133 - -199. List the prime factors of f.
2, 3, 11
Let b(o) be the first derivative of o**3/3 - 3*o**2/2 + 8*o + 1. List the prime factors of b(7).
2, 3
Suppose -2*i = 3*i + 20. What are the prime factors of (-16)/(i*(-3)/(-6))?
2
Let d = -5 - -47. What are the prime factors of d?
2, 3, 7
Suppose 0 = -3*x + 4*h + 12, 5*x - 5*h = -0*h + 20. Suppose 5*z - x*z = 15. What are the prime factors of z?
3, 5
Let r = -173 - -255. What are the prime factors of r?
2, 41
Suppose 4*d = 2 + 6. Let c(l) = 10*l - 2. List the prime factors of c(d).
2, 3
Suppose 464 = 3*z + 4*g, 2*z - 336 = -0*g + 4*g. List the prime factors of z.
2, 5
Suppose b = 9 - 1. Let i = b - 5. Let s(j) = j + 3. List the prime factors of s(i).
2, 3
Let a be 4 + -1 - 7/1. Let y = -29 + a. Let n = 46 + y. What are the prime factors of n?
13
Let r(f) = -f + 3. Let a be r(3). Suppose 2 = m, a = y + y + 5*m - 18. Suppose y*s = -5*z + 18, -3*z + 0*z + 6 = 0. What are the prime factors of s?
2
Let u(m) = 6*m - 6. Let f be u(4). Let q(i) = f*i + 8 - 8. List the prime factors of q(1).
2, 3
Let w be (40/6)/(6/(-36)). What are the prime factors of (24/(-10))/(6/w)?
2
Let h(m) = m**3 + 14*m**2 - 7*m - 23. List the prime factors of h(-14).
3, 5
Let w(g) = -58*g - 55. What are the prime factors of w(-7)?
3, 13
Suppose 0 = 2*q + 3*q, -3*q = 4*s - 232. What are the prime factors of s?
2, 29
Let m(f) = -f**2 + 9*f + 2. Let u(b) = -4*b - 1. Let j(g) = -4*m(g) - 9*u(g). What are the prime factors of j(-1)?
5
Suppose -4*w - 3*v = -70, 3*w + v - 52 = -v. Let a = w - 4. Let m = a - 5. What are the prime factors of m?
7
Let u be (1 - 2)*(-4 - 2). Suppose 3*c = -5*m + 54, u*c - 80 = c - 5*m. Suppose 0 = 4*v - 41 + c. List the prime factors of v.
7
Suppose 0 = -a + 1 - 8. Let g(d) = -d**3 - 6*d**2 + 8*d + 10. Let x be g(a). What are the prime factors of (-2 - 4)*x/(-2)?
3
Let w be ((-2)/(-1))/2*-1. Let d(x) be the first derivative of -x**4 + x**3/3 + x**2/2 + 18. What are the prime factors of d(w)?
2
Let j = -18 + 63. What are the prime factors of j?
3, 5
Let u(o) = -6*o - 2. What are the prime factors of u(-6)?
2, 17
Suppose 0 = -4*z + 2*z. Let f = 4 + z. List the prime factors of f.
2
Let u(k) = 3 + 7*k**2 - 3 - 2 - k**3 + 7*k - k**2. Let b be u(7). What are the prime factors of b/6 - 80/(-6)?
13
Suppose 0 = -5*j + 3*v + 227, j + j = -4*v + 96. List the prime factors of j.
2, 23
Suppose 4*t = -0*t. Let w(a) = 4*a**2 - a - 1. Let x be w(1). Suppose t = x*b + b - 33. List the prime factors of b.
11
List the prime factors of (-1 - 22*-11 - 3) + 1.
239
Let a = -86 + 204. What are the prime factors of a?
2, 59
What are the prime factors of -3 + (336/(-10))/((-6)/20)?
109
Let v(q) = -6*q**2 + 2*q + 2. Let w be v(2). Let i be (w/15)/((-3)/(-10)). List the prime factors of 33/6 + 2/i.
5
Let r(i) = 5*i**2 - 2*i - 1. Let w be r(-2). Let s = 28 - w. List the prime factors of s.
5
Suppose 95 = 3*h - 76. What are the prime factors of h?
3, 19
Let a be 2/(-3)*-3 - 1. Let s = -8 + 7. What are the prime factors of s - 12/((-3)/a)?
3
Let d be -12 + (-6)/(3 - 0). List the prime factors of ((-18)/(-4))/((-7)/d).
3
Suppose 2*n - 68 - 24 = 0. List the prime factors of n.
2, 23
Let b(l) = 2*l**2 - 5*l + 3. List the prime factors of b(6).
3, 5
Let g = 15 - 14. What are the prime factors of (g + 1*-25)*-1?
2, 3
Let n = 66 + -33. List the prime factors of n.
3, 11
Let d be 4/(-6) + (-6)/(-9). Let k = -10 + d. Let s(z) = -z**2 - 12*z - 15. List the prime factors of s(k).
5
Suppose -2*f - 1 = -53. List the prime factors of f.
2, 13
Suppose 0 = -2*y - 2*s - 0*s + 56, -3*y - 4*s = -83. What are the prime factors of y?
29
Let p(z) = 6*z**2 + 5*z - 24. Let l(n) = 5*n**2 + 4*n - 24. Let i(m) = -5*l(m) + 4*p(m). What are the prime factors of i(0)?
2, 3
Suppose 4 = f + 4*v + 2, 4*f + 2*v = 8. Suppose -2*l = b - f, b = 5*l + 13 + 24. List the prime factors of b.
2, 3
Let c(z) = -z**3 - 11*z**2 + 4*z - 8. Let f be c(-14). List the prime factors of f/16 - 6/8.
2
Suppose -9 = -3*u - 3. Suppose 3*p + 5*c + u = 50, -5*p + c + 52 = 0. What are the prime factors of p?
11
Let t be (-30)/40 - (-351)/4. Suppose -18*q = -15*q - t. List the prime factors of q.
29
List the prime factors of (-241)/(-2) + ((-10)/4)/5.
2, 3, 5
Suppose -4*p - 5*v = -40, -2*v - 7 = -0*p - 3*p. Suppose p*q = 7*q - 10. Let l(g) = -g**3 + 6*g**2 - g - 1. What are the prime factors of l(q)?
19
Suppose -5 = -5*i - w, -i + 5*i - 2*w = 18. Suppose 3*g = -5*a + 19, -i*a - a = -2*g. Suppose -a*y + 15 - 3 = 0. What are the prime factors of y?
2, 3
Let d(r) = -3*r - 5*r + 7*r - 8. Let x be d(-10). Suppose 11 = -2*k - 5*o, x*o + 3 = o. List the prime factors of k.
2
Let i(b) = 27*b**2 - 6*b + 3. Let u be i(5). List the prime factors of (1/(-3))/((-8)/u).
3
Suppose x + x - 8 = -2*m, 24 = 5*m + x. Let h = 5 - m. Suppose h = 3*k - 8 - 13. List the prime factors of k.
7
What are the prime factors of (2*1)/(23/230)?
2, 5
Suppose -w + 0*i = -4*i - 49, 4*w - 179 = -i. What are the prime factors of 